{"id":956,"date":"2025-03-24T12:22:18","date_gmt":"2025-03-24T12:22:18","guid":{"rendered":"https:\/\/supremecars.fr\/?post_type=product&#038;p=956"},"modified":"2025-07-21T18:56:52","modified_gmt":"2025-07-21T18:56:52","slug":"mercedescla-2","status":"publish","type":"product","link":"https:\/\/supremecars.fr\/index.php\/produit\/mercedescla-2\/","title":{"rendered":"Mercedes-Benz Classe C 220 CDI"},"content":{"rendered":"<p><strong>IMARQUE<\/strong> : MERCEDES BENZ<br \/>\n<strong>MODELE<\/strong> : &nbsp;CLASSE C<br \/>\n<strong>VERSION<\/strong>&nbsp;: PACK AMG<br \/>\n<strong>MISE EN CIRCULATION<\/strong> : 03\/2015<br \/>\n<strong>KILOMETRAGE<\/strong> : 115000<br \/>\n<strong>TRANSMISSION<\/strong> : AUTOMATIQUE<br \/>\n<strong>ENERGIE<\/strong> : DIESEL<br \/>\n<strong>NOMBRE<\/strong> <strong>DE<\/strong> <strong>PORTES<\/strong> : 5<br \/>\n<strong>COULEUR<\/strong> <strong>EXTERIEUR<\/strong> : BLANC<br \/>\n<strong>COULEUR<\/strong> <strong>INTERIEUR<\/strong> : &nbsp;NOIR<\/p>\n<p><strong>GARANTIE<\/strong> : &nbsp;12 MOIS<\/p>\n<p><strong>SARL SUPREME CARS<br \/>\n07.69.62.56.17<\/strong><\/p>\n<div class=\"et-learn-more clearfix\">\n<h3 class=\"heading-more\">Les options :<\/h3>\n<p>CAM\u00c9RA DE RECUL,GPS, TOIT OUVRANT PANORAMIQUE, SI\u00c8GES \u00c9LECTRIQUES ET \u00c0 M\u00c9MOIRE, CLIM AUTO, FEUX AUTO, LIMITEUR R\u00c9GULATEUR DE VITESSE, PALETTES AU VOLANT&#8230;<\/p>\n<\/div>\n<p>* HISTORIQUE ENTRETIEN MERCEDES<\/p>\n<p>* DOUBLE DE CL\u00c9S<\/p>\n<p>&nbsp;<\/p>\n","protected":false},"excerpt":{"rendered":"<p>IMARQUE : MERCEDES BENZ MODELE : &nbsp;CLASSE C VERSION&nbsp;: PACK AMG MISE EN CIRCULATION : 03\/2015 KILOMETRAGE : 115000 TRANSMISSION : AUTOMATIQUE ENERGIE : DIESEL NOMBRE DE PORTES : 5 COULEUR EXTERIEUR : BLANC COULEUR INTERIEUR : &nbsp;NOIR GARANTIE : &nbsp;12 MOIS SARL SUPREME CARS 07.69.62.56.17 Les options : CAM\u00c9RA DE RECUL,GPS, TOIT OUVRANT PANORAMIQUE, [&hellip;]<\/p>\n","protected":false},"featured_media":962,"template":"","meta":{"_et_pb_use_builder":"","_et_pb_old_content":"","_et_gb_content_width":""},"jetpack_sharing_enabled":true,"_links":{"self":[{"href":"https:\/\/supremecars.fr\/index.php\/wp-json\/wp\/v2\/product\/956"}],"collection":[{"href":"https:\/\/supremecars.fr\/index.php\/wp-json\/wp\/v2\/product"}],"about":[{"href":"https:\/\/supremecars.fr\/index.php\/wp-json\/wp\/v2\/types\/product"}],"wp:featuredmedia":[{"embeddable":true,"href":"https:\/\/supremecars.fr\/index.php\/wp-json\/wp\/v2\/media\/962"}],"wp:attachment":[{"href":"https:\/\/supremecars.fr\/index.php\/wp-json\/wp\/v2\/media?parent=956"}],"curies":[{"name":"wp","href":"https:\/\/api.w.org\/{rel}","templated":true}]}}

<p><strong>IMARQUE</strong> : MERCEDES BENZ<br />
<strong>MODELE</strong> : &nbsp;CLASSE C<br />
<strong>VERSION</strong>&nbsp;: PACK AMG<br />
<strong>MISE EN CIRCULATION</strong> : 03/2015<br />
<strong>KILOMETRAGE</strong> : 115000<br />
<strong>TRANSMISSION</strong> : AUTOMATIQUE<br />
<strong>ENERGIE</strong> : DIESEL<br />
<strong>NOMBRE</strong> <strong>DE</strong> <strong>PORTES</strong> : 5<br />
<strong>COULEUR</strong> <strong>EXTERIEUR</strong> : BLANC<br />
<strong>COULEUR</strong> <strong>INTERIEUR</strong> : &nbsp;NOIR</p>
<p><strong>GARANTIE</strong> : &nbsp;12 MOIS</p>
<p><strong>SARL SUPREME CARS<br />
07.69.62.56.17</strong></p>
<div class="et-learn-more clearfix">
<h3 class="heading-more">Les options :</h3>
<p>CAMÉRA DE RECUL,GPS, TOIT OUVRANT PANORAMIQUE, SIÈGES ÉLECTRIQUES ET À MÉMOIRE, CLIM AUTO, FEUX AUTO, LIMITEUR RÉGULATEUR DE VITESSE, PALETTES AU VOLANT&#8230;</p>
</div>
<p>* HISTORIQUE ENTRETIEN MERCEDES</p>
<p>* DOUBLE DE CLÉS</p>
<p>&nbsp;</p>

<p>IMARQUE : MERCEDES BENZ MODELE : &nbsp;CLASSE C VERSION&nbsp;: PACK AMG MISE EN CIRCULATION : 03/2015 KILOMETRAGE : 115000 TRANSMISSION : AUTOMATIQUE ENERGIE : DIESEL NOMBRE DE PORTES : 5 COULEUR EXTERIEUR : BLANC COULEUR INTERIEUR : &nbsp;NOIR GARANTIE : &nbsp;12 MOIS SARL SUPREME CARS 07.69.62.56.17 Les options : CAMÉRA DE RECUL,GPS, TOIT OUVRANT PANORAMIQUE, [&hellip;]</p>
