{"id":932,"date":"2025-02-12T19:55:20","date_gmt":"2025-02-12T19:55:20","guid":{"rendered":"https:\/\/supremecars.fr\/?post_type=product&#038;p=932"},"modified":"2025-10-15T06:15:35","modified_gmt":"2025-10-15T06:15:35","slug":"mercedesvito-2","status":"publish","type":"product","link":"https:\/\/supremecars.fr\/index.php\/produit\/mercedesvito-2\/","title":{"rendered":"RENAULT M\u00c9GANE IV RS"},"content":{"rendered":"<p><strong>IMARQUE<\/strong> : RENAULT<br \/>\n<strong>MODELE<\/strong> : &nbsp;MEGANE IV<br \/>\n<strong>VERSION<\/strong>&nbsp;: RS<br \/>\n<strong>MISE EN CIRCULATION<\/strong> : 06\/2018<br \/>\n<strong>KILOMETRAGE<\/strong> : 64 500 KMS<br \/>\n<strong>TRANSMISSION<\/strong> : AUTOMATIQUE<br \/>\n<strong>ENERGIE<\/strong> : ESSENCE<br \/>\n<strong>NOMBRE<\/strong> <strong>DE<\/strong> <strong>PORTES<\/strong> : 5<br \/>\n<strong>COULEUR<\/strong> <strong>EXTERIEUR<\/strong> : NOIR<br \/>\n<strong>COULEUR<\/strong> <strong>INTERIEUR<\/strong> : &nbsp; NOIR<\/p>\n<p><strong>GARANTIE<\/strong> : &nbsp;6 MOIS<\/p>\n<p><strong>SARL SUPREME CARS<br \/>\n07.69.62.56.17<\/strong><\/p>\n<div class=\"et-learn-more clearfix\">\n<h3 class=\"heading-more\">Les options :<\/h3>\n<\/div>\n<h5>GPS,Affichage t\u00eate haute,Clim auto,Si\u00e8ges avants chauffants,Jantes 19&nbsp;\u201c Interlagos diamant\u00e9es,Aide au d\u00e9marrage en c\u00f4te, Cam\u00e9ra de recul avec radars,\u00c9cran tactile, \u00c9cran multifonctions,Limiteur\/regulateur de vitesse,Pack easy parking, Bluetooth&#8230;<\/h5>\n","protected":false},"excerpt":{"rendered":"<p>IMARQUE : RENAULT MODELE : &nbsp;MEGANE IV VERSION&nbsp;: RS MISE EN CIRCULATION : 06\/2018 KILOMETRAGE : 64 500 KMS TRANSMISSION : AUTOMATIQUE ENERGIE : ESSENCE NOMBRE DE PORTES : 5 COULEUR EXTERIEUR : NOIR COULEUR INTERIEUR : &nbsp; NOIR GARANTIE : &nbsp;6 MOIS SARL SUPREME CARS 07.69.62.56.17 Les options : GPS,Affichage t\u00eate haute,Clim auto,Si\u00e8ges avants [&hellip;]<\/p>\n","protected":false},"featured_media":937,"template":"","meta":{"_et_pb_use_builder":"","_et_pb_old_content":"","_et_gb_content_width":""},"jetpack_sharing_enabled":true,"_links":{"self":[{"href":"https:\/\/supremecars.fr\/index.php\/wp-json\/wp\/v2\/product\/932"}],"collection":[{"href":"https:\/\/supremecars.fr\/index.php\/wp-json\/wp\/v2\/product"}],"about":[{"href":"https:\/\/supremecars.fr\/index.php\/wp-json\/wp\/v2\/types\/product"}],"wp:featuredmedia":[{"embeddable":true,"href":"https:\/\/supremecars.fr\/index.php\/wp-json\/wp\/v2\/media\/937"}],"wp:attachment":[{"href":"https:\/\/supremecars.fr\/index.php\/wp-json\/wp\/v2\/media?parent=932"}],"curies":[{"name":"wp","href":"https:\/\/api.w.org\/{rel}","templated":true}]}}