{"id":892,"date":"2024-09-18T13:45:16","date_gmt":"2024-09-18T13:45:16","guid":{"rendered":"https:\/\/supremecars.fr\/?post_type=product&#038;p=892"},"modified":"2025-05-04T17:22:00","modified_gmt":"2025-05-04T17:22:00","slug":"citroen-jumpy","status":"publish","type":"product","link":"https:\/\/supremecars.fr\/index.php\/produit\/citroen-jumpy\/","title":{"rendered":"CITRO\u00cbN JUMPY 1.6 BLUE HDI 115CH"},"content":{"rendered":"<p><strong>MARQUE<\/strong> : CITROEN<br \/>\n<strong>MODELE<\/strong> : JUMPY<br \/>\n<strong>VERSION<\/strong>&nbsp;: BLUE HDI TAILLE M 3PL<br \/>\n<strong>MISE EN CIRCULATION<\/strong> : 2018<br \/>\n<strong>KILOMETRAGE<\/strong> : 49500<br \/>\n<strong>TRANSMISSION<\/strong> : MANUELLE<br \/>\n<strong>ENERGIE<\/strong> : DIESEL<br \/>\n<strong>COULEUR<\/strong> <strong>EXTERIEUR<\/strong> : BLANC<br \/>\n<strong>COULEUR<\/strong> <strong>INTERIEUR<\/strong> : &nbsp; NOIR<\/p>\n<p><strong>GARANTIE<\/strong> : &nbsp;12 MOIS<\/p>\n<p><strong>SARL SUPREME CARS<br \/>\n07.69.62.56.17<\/strong><\/p>\n<div class=\"et-learn-more clearfix\">\n<h3 class=\"heading-more\">Les options :<\/h3>\n<\/div>\n<p>AIDE STATIONNEMENT AVEC CAM\u00c9RA,CLIMATISATION, BO\u00ceTE 6 VITESSES,PORTE LAT\u00c9RAL COULISSANTE,BLUETOOTH, CLIMATISATION&#8230;.<\/p>\n<p>* &nbsp;ENTRETIEN CITROEN AVEC FACTURES<\/p>\n<p>&nbsp;<\/p>\n","protected":false},"excerpt":{"rendered":"<p>MARQUE : CITROEN MODELE : JUMPY VERSION&nbsp;: BLUE HDI TAILLE M 3PL MISE EN CIRCULATION : 2018 KILOMETRAGE : 49500 TRANSMISSION : MANUELLE ENERGIE : DIESEL COULEUR EXTERIEUR : BLANC COULEUR INTERIEUR : &nbsp; NOIR GARANTIE : &nbsp;12 MOIS SARL SUPREME CARS 07.69.62.56.17 Les options : AIDE STATIONNEMENT AVEC CAM\u00c9RA,CLIMATISATION, BO\u00ceTE 6 VITESSES,PORTE LAT\u00c9RAL COULISSANTE,BLUETOOTH, [&hellip;]<\/p>\n","protected":false},"featured_media":954,"template":"","meta":{"_et_pb_use_builder":"","_et_pb_old_content":"","_et_gb_content_width":""},"jetpack_sharing_enabled":true,"_links":{"self":[{"href":"https:\/\/supremecars.fr\/index.php\/wp-json\/wp\/v2\/product\/892"}],"collection":[{"href":"https:\/\/supremecars.fr\/index.php\/wp-json\/wp\/v2\/product"}],"about":[{"href":"https:\/\/supremecars.fr\/index.php\/wp-json\/wp\/v2\/types\/product"}],"wp:featuredmedia":[{"embeddable":true,"href":"https:\/\/supremecars.fr\/index.php\/wp-json\/wp\/v2\/media\/954"}],"wp:attachment":[{"href":"https:\/\/supremecars.fr\/index.php\/wp-json\/wp\/v2\/media?parent=892"}],"curies":[{"name":"wp","href":"https:\/\/api.w.org\/{rel}","templated":true}]}}