{"id":752,"date":"2022-02-03T13:26:39","date_gmt":"2022-02-03T13:26:39","guid":{"rendered":"https:\/\/supremecars.fr\/index.php\/produit\/bmw-x3-335i-xdrive-306ch\/"},"modified":"2022-04-07T18:26:15","modified_gmt":"2022-04-07T18:26:15","slug":"bmw-x3-335i-xdrive-306ch","status":"publish","type":"product","link":"https:\/\/supremecars.fr\/index.php\/produit\/bmw-x3-335i-xdrive-306ch\/","title":{"rendered":"Bmw X3 35i Xdrive 306ch"},"content":{"rendered":"<p><strong>MARQUE<\/strong>: Bmw<br \/>\n<strong>MODELE<\/strong>: X3 35i<br \/>\n<strong>MISE EN CIRCULATION<\/strong>: 06\/2011<br \/>\n<strong>KILOMETRAGE<\/strong>: 75 000<br \/>\n<strong>TRANSMISSION<\/strong>: AUTOMATIQUE<br \/>\n<strong>ENERGIE<\/strong>: ESSENCE<br \/>\n<strong>PUISSANCE DIN:<\/strong> \u00a0306 CH<br \/>\n<strong>PUISSANCE FISCALE:<\/strong> \u00a020 CV<br \/>\n<strong>NOMBRE DE PORTES<\/strong>: 5<br \/>\n<strong>COULEUR EXTERIEUR:<\/strong> BLEU<br \/>\n<strong>COULEUR INTERIEUR:<\/strong> BEIGE<\/p>\n<p><strong>SARL SUPREME CARS<br \/>\n07.69.62.56.17<\/strong><\/p>\n<div class=\"et-learn-more clearfix\">\n<h3 class=\"heading-more\">Les options :<\/h3>\n<\/div>\n<p>Syst\u00e8me de navigation, si\u00e8ges chauffants en cuir, radar de stationnement avant &amp; arri\u00e8re, r\u00e9gulateur de vitesse, r\u00e9troviseur r\u00e9glable \u00e9lectriquement, aide d\u00e9marrage en c\u00f4te&#8230;<\/p>\n<p><strong>*Entretiens suivi \u00e0 jour avec carnet <\/strong><\/p>\n<p><strong>* Historique disponible <\/strong><\/p>\n<p><strong>* Double de clefs <\/strong><\/p>\n<p><strong>* 4 pneus Michelin runflat <\/strong><\/p>\n<p><strong>* Garantie 6 mois <\/strong><\/p>\n<p><strong>* 4&#215;4<\/strong><\/p>\n","protected":false},"excerpt":{"rendered":"<p>MARQUE: Bmw MODELE: X3 35i MISE EN CIRCULATION: 06\/2011 KILOMETRAGE: 75 000 TRANSMISSION: AUTOMATIQUE ENERGIE: ESSENCE PUISSANCE DIN: \u00a0306 CH PUISSANCE FISCALE: \u00a020 CV NOMBRE DE PORTES: 5 COULEUR EXTERIEUR: BLEU COULEUR INTERIEUR: BEIGE SARL SUPREME CARS 07.69.62.56.17 Les options : Syst\u00e8me de navigation, si\u00e8ges chauffants en cuir, radar de stationnement avant &amp; arri\u00e8re, r\u00e9gulateur [&hellip;]<\/p>\n","protected":false},"featured_media":760,"template":"","meta":{"_et_pb_use_builder":"","_et_pb_old_content":"","_et_gb_content_width":""},"jetpack_sharing_enabled":true,"_links":{"self":[{"href":"https:\/\/supremecars.fr\/index.php\/wp-json\/wp\/v2\/product\/752"}],"collection":[{"href":"https:\/\/supremecars.fr\/index.php\/wp-json\/wp\/v2\/product"}],"about":[{"href":"https:\/\/supremecars.fr\/index.php\/wp-json\/wp\/v2\/types\/product"}],"wp:featuredmedia":[{"embeddable":true,"href":"https:\/\/supremecars.fr\/index.php\/wp-json\/wp\/v2\/media\/760"}],"wp:attachment":[{"href":"https:\/\/supremecars.fr\/index.php\/wp-json\/wp\/v2\/media?parent=752"}],"curies":[{"name":"wp","href":"https:\/\/api.w.org\/{rel}","templated":true}]}}