{"id":382,"date":"2019-02-02T21:36:11","date_gmt":"2019-02-02T21:36:11","guid":{"rendered":"https:\/\/supremecars.fr\/?post_type=product&#038;p=382"},"modified":"2019-09-23T11:21:59","modified_gmt":"2019-09-23T11:21:59","slug":"smart-fortwo-brabus-cabriolet-2","status":"publish","type":"product","link":"https:\/\/supremecars.fr\/index.php\/produit\/smart-fortwo-brabus-cabriolet-2\/","title":{"rendered":"SMART FORTWO BRABUS CABRIOLET"},"content":{"rendered":"","protected":false},"excerpt":{"rendered":"<p><strong>MARQUE<\/strong> : SMART<br \/>\n<strong>MODELE<\/strong> : \u00a0FORTWO CABRIOLET<br \/>\n<strong>FINITION<\/strong> : BRABUS<br \/>\n<strong>MISE EN CIRCULATION<\/strong> : 07\/2014<br \/>\n<strong>KILOMETRAGE<\/strong> : 35 000<br \/>\n<strong>TRANSMISSION<\/strong> : AUTOMATIQUE<br \/>\n<strong>ENERGIE<\/strong> : ESSENCE<br \/>\n<strong>PUISSANCE<\/strong> <strong>DIN<\/strong> : 102 CH<br \/>\n<strong>PUISSANCE<\/strong> <strong>FISCALE<\/strong> : 5CV<br \/>\n<strong>NOMBRE<\/strong> <strong>DE<\/strong> <strong>PORTES<\/strong> : 3<br \/>\n<strong>COULEUR<\/strong> <strong>EXTERIEUR<\/strong> : BLANc<br \/>\n<strong>COULEUR<\/strong> <strong>INTERIEUR<\/strong> : NOIR<\/p>\n<p><strong>SARL SUPREME CARS<br \/>\n<\/strong><strong>07.69.62.56.17<\/strong><\/p>\n<p style=\"text-align: left;\"><div class='et-learn-more clearfix'>\n\t\t\t\t\t<h3 class='heading-more'>Les options<span class='et_learnmore_arrow'><span><\/span><\/span><\/h3>\n\t\t\t\t\t<div class='learn-more-content'><p style=\"text-align: left;\">BLUETOOTH TELEPHONE, GPS, COMMANDES AU VOLANT,ORDINATEUR DE BORD, PALETTES AU VOLANT, ACCOUDOIR CENTRAL, FEUX AUTO,SIEGES CHAUFFANTS, SELLERIE CUIR NOIR, JANTES BRABUS, REGULATEUR DE VITESSE, VOLANT SPORT, CAPOTE \u00c9LECTRIQUE, R\u00c9TROVISEURS REGLABLES \u00c9LECTRIQUES, ENTRETIENS \u00c0 JOUR, DOUBLE DE CLEFS&#8230;.<\/p>\n<p style=\"text-align: left;\"><\/div>\n\t\t\t\t<\/div><\/p>\n<p>&nbsp;<\/p>\n<p>&nbsp;<\/p>\n","protected":false},"featured_media":383,"template":"","meta":{"_et_pb_use_builder":"","_et_pb_old_content":"","_et_gb_content_width":""},"jetpack_sharing_enabled":true,"_links":{"self":[{"href":"https:\/\/supremecars.fr\/index.php\/wp-json\/wp\/v2\/product\/382"}],"collection":[{"href":"https:\/\/supremecars.fr\/index.php\/wp-json\/wp\/v2\/product"}],"about":[{"href":"https:\/\/supremecars.fr\/index.php\/wp-json\/wp\/v2\/types\/product"}],"wp:featuredmedia":[{"embeddable":true,"href":"https:\/\/supremecars.fr\/index.php\/wp-json\/wp\/v2\/media\/383"}],"wp:attachment":[{"href":"https:\/\/supremecars.fr\/index.php\/wp-json\/wp\/v2\/media?parent=382"}],"curies":[{"name":"wp","href":"https:\/\/api.w.org\/{rel}","templated":true}]}}

<p><strong>MARQUE</strong> : SMART<br />
<strong>MODELE</strong> :  FORTWO CABRIOLET<br />
<strong>FINITION</strong> : BRABUS<br />
<strong>MISE EN CIRCULATION</strong> : 07/2014<br />
<strong>KILOMETRAGE</strong> : 35 000<br />
<strong>TRANSMISSION</strong> : AUTOMATIQUE<br />
<strong>ENERGIE</strong> : ESSENCE<br />
<strong>PUISSANCE</strong> <strong>DIN</strong> : 102 CH<br />
<strong>PUISSANCE</strong> <strong>FISCALE</strong> : 5CV<br />
<strong>NOMBRE</strong> <strong>DE</strong> <strong>PORTES</strong> : 3<br />
<strong>COULEUR</strong> <strong>EXTERIEUR</strong> : BLANc<br />
<strong>COULEUR</strong> <strong>INTERIEUR</strong> : NOIR</p>
<p><strong>SARL SUPREME CARS<br />
</strong><strong>07.69.62.56.17</strong></p>
<p style="text-align: left;"><div class='et-learn-more clearfix'>
					<h3 class='heading-more'>Les options<span class='et_learnmore_arrow'><span></span></span></h3>
					<div class='learn-more-content'><p style="text-align: left;">BLUETOOTH TELEPHONE, GPS, COMMANDES AU VOLANT,ORDINATEUR DE BORD, PALETTES AU VOLANT, ACCOUDOIR CENTRAL, FEUX AUTO,SIEGES CHAUFFANTS, SELLERIE CUIR NOIR, JANTES BRABUS, REGULATEUR DE VITESSE, VOLANT SPORT, CAPOTE ÉLECTRIQUE, RÉTROVISEURS REGLABLES ÉLECTRIQUES, ENTRETIENS À JOUR, DOUBLE DE CLEFS&#8230;.</p>
<p style="text-align: left;"></div>
				</div></p>
<p>&nbsp;</p>
<p>&nbsp;</p>
